(b) = -b**3 - 3*b**2 - 2*b - 2. Determine m(3).
-62
Let x(o) = -2*o + 2. Calculate x(2).
-2
Let p(h) = -2*h - 7. What is p(-5)?
3
Let b(y) = -y**2 - 46*y - 355. What is b(-10)?
5
Let s(l) = -l**3 + 16*l**2 - 16*l + 23. What is s(15)?
8
Let p(h) = h**3 + 42*h**2 + 79*h - 38. Give p(-40).
2
Let o(q) = q**3 - q - 6. What is o(0)?
-6
Let m(k) = 4*k + 10. Calculate m(-5).
-10
Let b(l) = -53*l - 335. Give b(-6).
-17
Let w(g) = -g**3 - 3*g**2 + 8*g + 7. Give w(-3).
-17
Let r(k) = k**3 - 15*k**2 + 11*k - 3. Give r(14).
-45
Let f(m) = m**3 + 2*m**2 - 4*m - 5. What is f(-4)?
-21
Let y(h) = -2*h**2 + 40*h - 24. Calculate y(19).
14
Let y(g) = -g**2 + 8*g + 4. Give y(10).
-16
Let j(g) = g**3 - 4*g**2 - 2*g - 5. Give j(5).
10
Let y(l) = l**2 - 4*l + 2. Determine y(4).
2
Let r(v) = 5*v**2 - 84*v - 13. Give r(17).
4
Let t(v) = 42*v - 3. Give t(-1).
-45
Let v(n) = -6*n - 16. Give v(5).
-46
Let y(r) = -2*r**2 - 43*r - 24. Give y(-21).
-3
Let d(l) = -l + 22. Calculate d(-13).
35
Let y(l) = 14*l. Calculate y(-3).
-42
Let x(n) = -7*n + 13. Calculate x(8).
-43
Let k(b) = 3*b - 9. Determine k(18).
45
Let u(o) = 47*o**3 + o. Determine u(-1).
-48
Let t(k) = k**3 + 3*k + 10. Determine t(-2).
-4
Let g(q) = -7*q + 5. Give g(-5).
40
Let c(j) = -j**3 + 13*j**2 + 12*j + 24. What is c(14)?
-4
Let l(c) = -88*c. Give l(0).
0
Let i(n) = -n**2 + 10*n - 18. Give i(6).
6
Let q(d) = d**3 - 6*d**2 - 5*d + 14. Give q(6).
-16
Let l(p) = -2*p - 1. Determine l(-4).
7
Let s(h) = 2*h**2 - 6. Determine s(0).
-6
Let p(t) = t**3 + 56*t**2 + t + 52. Give p(-56).
-4
Let d(q) = 53*q - 7. Determine d(-2).
-113
Let u(i) = -9*i - 4. Calculate u(3).
-31
Let y(j) = -j**3 + 5*j**2 + 4*j - 1. What is y(5)?
19
Let n(g) = -9*g + 26. Calculate n(-11).
125
Let g(l) = -l**3 + 12*l**2 - 10*l - 7. Determine g(11).
4
Let c(y) = y**2 - 26*y + 21. Determine c(13).
-148
Let u(p) = -37*p + 244. What is u(7)?
-15
Let r(h) = -5*h**3 - h**2 + 3*h + 3. What is r(-1)?
4
Let d(o) = -o**3 - 11*o**2 - o + 7. Calculate d(-11).
18
Let v(k) = -6*k + 1. Calculate v(-6).
37
Let a(r) = 10*r**2 - 11*r - 10. Calculate a(-1).
11
Let k(p) = -3*p + 2. Give k(-3).
11
Let s(v) = 6*v. Give s(3).
18
Let o(m) = -m**3 - 6*m**2 + 3*m + 32. Give o(-5).
-8
Let q(a) = 3*a**2 + 2*a - 4. Give q(2).
12
Let a(b) = 4*b + 54. Calculate a(0).
54
Let u(o) = -o**3 - 9*o**2 + 7*o - 9. Give u(-9).
-72
Let r(w) = -w**2 + w - 4. Calculate r(2).
-6
Let o(c) = c**2 - 39*c + 116. Give o(3).
8
Let t(n) = n**3 - 16*n**2 + 16*n - 16. Give t(15).
-1
Let k(h) = h**3 - 13*h**2 + 13*h - 18. Determine k(12).
-6
Let b(g) = g**3 + 32*g**2 + 87*g + 3. Determine b(-29).
3
Let c(g) = g**3 + 7*g**2 - 11*g + 51. Determine c(-9).
-12
Let i(z) = -z**3 + 23*z**2 + 24*z - 3. Determine i(24).
-3
Let g(r) = r - 1. Determine g(-2).
-3
Let w(m) = m**3 + 24*m**2 - 82*m - 43. Determine w(-27).
-16
Let t(c) = 3*c - 9. Calculate t(9).
18
Let y(k) = k**3 - 9*k**2 - 7. Calculate y(9).
-7
Let b(w) = w**3 - 11*w**2 - 13*w + 14. Give b(12).
2
Let i(s) = s**3 + 4*s**2 + 5*s + 8. Calculate i(-4).
-12
Let b(s) = s**3 - 36*s**2 + 34*s + 17. What is b(35)?
-18
Let r(w) = w**3 + 19*w**2 - 42*w + 5. Calculate r(-21).
5
Let z(s) = -5*s**2 - 2*s + 6. Determine z(3).
-45
Let h(i) = i**3 + 11*i**2 + 54*i + 116. Determine h(-5).
-4
Let x(r) = -4*r + 1. What is x(7)?
-27
Let p(c) = c**3 + 8*c**2 + 8*c + 13. What is p(-7)?
6
Let n(q) = -q**3 - 3*q**2 + 2*q + 1. Calculate n(2).
-15
Let w(q) = q**2 - 8*q - 3. Give w(7).
-10
Let n(b) = b**2 + 16*b - 7. Determine n(-10).
-67
Let s(a) = -a**3 - 7*a**2 - 3*a + 14. Calculate s(-6).
-4
Let r(s) = -s**2 + 27*s - 88. Determine r(23).
4
Let c(j) = 2*j**2 - 20*j - 6. Give c(10).
-6
Let b(u) = u**2 + 18*u + 20. What is b(-17)?
3
Let z(o) = -o**3 + 39*o**2 - 2*o + 58. What is z(39)?
-20
Let n(h) = -h**3 - 8*h**2 - 16*h - 3. Determine n(-6).
21
Let m(k) = -2*k**2 - 2*k - 2. Determine m(-2).
-6
Let x(y) = -2*y**2 + 19*y - 7. Calculate x(9).
2
Let l(o) = -o**3 - 4*o**2 + 11*o - 5. Determine l(0).
-5
Let p(x) = -x**3 + 6*x**2 + 17*x - 12. Determine p(8).
-4
Let c(g) = -2*g**2 + 22. Give c(-5).
-28
Let f(u) = -7*u - 5. Give f(-1).
2
Let d(z) = -7*z**3 + 4*z**2 + 2*z - 1. Give d(-1).
8
Let t(w) = w**2 + 39*w - 186. Determine t(-43).
-14
Let q(m) = -m**3 + 6*m**2 - 5*m. Give q(5).
0
Let w(n) = -n**2 + 3*n - 1. Calculate w(-5).
-41
Let m(h) = 3*h - 17. Determine m(13).
22
Let c(h) = h**3 - 6*h**2 + 2*h + 9. What is c(4)?
-15
Let t(v) = v**2 + 22*v + 119. Calculate t(-11).
-2
Let b(n) = -48*n + 283. Determine b(6).
-5
Let o(a) = a**2 - 4*a - 1. Calculate o(5).
4
Let l(x) = -x**2 - 8*x + 3. What is l(-9)?
-6
Let h(t) = 4*t - 4. Give h(3).
8
Let t(r) = -r**3 - 16*r**2 + 3. Calculate t(-16).
3
Let b(q) = -q**3 + 12*q**2 + 9*q - 114. Give b(12).
-6
Let o(m) = m**3 + 2*m**2 + 2*m - 12. What is o(-4)?
-52
Let r(y) = -13*y**2. What is r(2)?
-52
Let g(i) = -i**2 + i - 5. What is g(0)?
-5
Let a(v) = -5*v + 5. Calculate a(-3).
20
Let l(k) = k + 12. Determine l(-9).
3
Let t(x) = x**2 + 14*x - 3. Give t(-13).
-16
Let j(r) = r**3 + 8*r + 7. Calculate j(-3).
-44
Let r(s) = 11*s - 49. Give r(7).
28
Let r(q) = -q**2 + 68*q - 961. Give r(48).
-1
Let i(o) = 135*o - 1885. Calculate i(14).
5
Let a(k) = k**2 + 6*k - 47. Determine a(-11).
8
Let r(f) = f**3 + 10*f**2 + 11*f - 4. Calculate r(-9).
-22
Let v(m) = -6*m**2 + m - 3. What is v(2)?
-25
Let v(f) = -26*f + 2. Determine v(1).
-24
Let l(v) = v**2 - 7*v + 4. What is l(5)?
-6
Let j(p) = p**2 + 5*p - 55. Give j(-11).
11
Let k(q) = q + 52. What is k(-24)?
28
Let g(m) = m + 7. Calculate g(0).
7
Let u(p) = p**3 - 6*p**2 + 3*p + 5. Determine u(4).
-15
Let p(z) = -z - 9. What is p(-19)?
10
Let w(f) = -f**3 + 6*f**2 - 6*f + 3. Calculate w(4).
11
Let i(l) = l**3 + 13*l**2 - 14*l + 5. Give i(-14).
5
Let l(a) = -25*a - 1. Calculate l(1).
-26
Let v(w) = 23*w - 45. What is v(5)?
70
Let z(m) = -m**3 + 2*m**2 + 4*m + 3. Give z(-4).
83
Let i(u) = u**3 + 6*u**2 - u - 10. What is i(-5)?
20
Let j(w) = -7*w + 2. Calculate j(-3).
23
Let t(p) = -3*p + 7. Determine t(4).
-5
Let k(o) = o + 27. Calculate k(-15).
12
Let o(d) = 3*d + 1. Give o(-4).
-11
Let x(c) = 14*c - 1. What is x(2)?
27
Let u(v) = -v**3 - v**2 - 11. Calculate u(0).
-11
Let i(t) = 2*t**2 + t - 1. Calculate i(-2).
5
Let j(g) = -16*g**2 - 10*g + 11. Give j(1).
-15
Let k(p) = -11*p + 8. What is k(9)?
-91
Let i(z) = -14*z + 2. Determine i(1).
-12
Let q(r) = r**3 + 28*r**2 + 73*r - 44. Determine q(-25).
6
Let a(z) = -z**3 + 10*z**2 + 2*z - 10. Calculate a(10).
10
Let k(b) = -2*b - 3. Determine k(-4).
5
Let f(j) = -j**3 - 8*j**2 + 13*j + 3. Give f(-9).
-33
Let d(y) = 5*y - 18. Give d(-5).
-43
Let l(s) = 18*s - 8. Determine l(-3).
-62
Let k(u) = -3*u - 6. Calculate k(9).
-33
Let c(q) = -q**3 + 5*q**2 - 5*q + 4. What is c(4)?
0
Let j(p) = 3*p + 6. Give j(-8).
-18
Let q(l) = 2*l**2 - 3*l + 2. Give q(2).
4
Let c(l) = -2*l**3 + 13*l**2 + 6*l - 2. Determine c(7).
-9
Let d(w) = 4*w**3 - w**2 + 4*w - 11. Calculate d(2).
25
Let z(p) = p**3 - 2*p - 6. Determine z(3).
15
Let q(j) = j**2 - 8*j + 10. What is q(-8)?
138
Let f(i) = 3*i + 4. Give f(0).
4
Let z(m) = -m**2 - 50*m - 89. Determine z(-48).
7
Let b(t) = 3*t - 5. Determine b(-2).
-11
Let z(k) = 4*k - 6. Give z(0).
-6
Let r(a) = -15*a - 116. Determine r(-6).
-26
Let p(r) = 10*r - 6. Calculate p(-3).
-36
Let d(l) = l - 5. Give d(2).
-3
Let r(w) = -6*w - 16. Give r(-7).
26
Let s(k) = -3*k**2 + k + 66. Calculate s(-5).
-14
Let x(n) = -n**3 - 7*n**2 + 2*n - 9. Determine x(-8).
39
Let u(c) = -c**2 + 2*c + 7. Determine u(-5).
-28
Let d(h) = 2*h**2 + 21*h + 5. Give d(-10).
-5
Let n(q) = -12*q - 5. Determine n(-1).
7
Let a(s) = s**3 + 6*s**2 + 8*s + 3. What is a(-7)?
-102
Let n(d) = d**3 - 7*d**2 + 5*d + 7. Give n(6).
1
Let m(j) = -10*j + 35. Calculate m(2).
15
Let t(v) = 5*v**2 - 31*v + 61. Give t(2).
19
Let c(o) = -7*o + 23. Determine c(2).
9
Let w(y) = y**2 + 32*y - 75. Give w(-34).
-7
Let a(x) = 3*x + 6. What is a(-5)?
-9
Let y(h) = h - 29. Determine y(36).
7
Let r(x) = 2*x - 14. What is r(0)?
-14
Let h(v) = -2*v - 1. Give h(-5).
9
Let l(b) = 9*b**3 + 2*b**2 + b - 2. Give l(1).
10
Let r(x) = x**3 - 12*x**2 - 17*x + 31. Determine r(13).
-21
Let l(b) = 14*b + 151. Give l(-11).
-3
Let v(b) = b**2 - 4*b - 55. Determine v(-6).
5
Let o(x) = -x**2 + 8*x + 43. Determine 